44566
In base 7, what is 1 + -10136316332?
-10136316331
In base 2, what is -100100 + -111000111110101100110?
-111000111110110001010
In base 13, what is b61b - 12?
b609
In base 6, what is 3110112 - 2303?
3103405
In base 16, what is 1d960bf + 6?
1d960c5
In base 7, what is -5 - -634311035?
634311030
In base 6, what is -153051 - 454?
-153545
In base 9, what is -53 - -21233?
21170
In base 4, what is 1132121 - -110220?
1303001
In base 10, what is 26210 - 289?
25921
In base 8, what is -1211124 - -62?
-1211042
In base 16, what is 2cbca - a?
2cbc0
In base 5, what is 232100421103 - 11?
232100421042
In base 12, what is aa075 - 9?
aa068
In base 9, what is 745614 - 3?
745611
In base 8, what is 177162 - -417?
177601
In base 6, what is -4022312120 + 5?
-4022312111
In base 5, what is 12321113 + 30?
12321143
In base 7, what is -22550646440 + -3?
-22550646443
In base 15, what is -1a2b - -a2c?
-eee
In base 12, what is -22443b94 + -4?
-22443b98
In base 6, what is 1 + -145411451?
-145411450
In base 15, what is -4 - 93c6465?
-93c6469
In base 5, what is 144203324 - 101?
144203223
In base 10, what is -513 - 253734?
-254247
In base 10, what is -53990 + 20?
-53970
In base 2, what is 1010111011000 + -1001110?
1010110001010
In base 14, what is -54 - -42d99?
42d45
In base 4, what is -220023022011 - -11?
-220023022000
In base 9, what is 288277 - -18?
288306
In base 11, what is 911a690 - -14?
911a6a4
In base 3, what is -10122 - 1010001120?
-1010012012
In base 6, what is -3 - 131334250?
-131334253
In base 7, what is 242146 + -24360?
214456
In base 7, what is 6 - -100025400?
100025406
In base 14, what is -86 + a6a6?
a620
In base 16, what is -2 + -1503c99?
-1503c9b
In base 3, what is 1100 + 111211112221?
111211121021
In base 5, what is 13400113221 - -4?
13400113230
In base 2, what is 100001011 - 110011100111000?
-110011000101101
In base 11, what is -925 - -3884?
2a5a
In base 16, what is -b18e846 - -3?
-b18e843
In base 15, what is -a9 + -5729?
-57d3
In base 4, what is 1121 + 10013131?
10020312
In base 7, what is -62 + -40631010?
-40631102
In base 4, what is 1311202 + 21313303?
23231111
In base 12, what is -4548 + 4959?
411
In base 12, what is -a75572 + -1?
-a75573
In base 8, what is 4127347445 + 3?
4127347450
In base 9, what is -10155472 + -8?
-10155481
In base 10, what is 12141 + -8957?
3184
In base 3, what is 11 - 211102012210?
-211102012122
In base 12, what is 9864a - -2515?
9ab63
In base 12, what is 132 + 30231?
30363
In base 11, what is 3726096 + 4?
372609a
In base 2, what is 110111 - 110000111000000101001111?
-110000111000000100011000
In base 7, what is 11635135 - -241?
11635406
In base 11, what is -2 + 38378134?
38378132
In base 12, what is 76873b7 + 3?
76873ba
In base 12, what is -485798 - 11?
-4857a9
In base 6, what is 22 - -4510020?
4510042
In base 16, what is -73cb9 - fb?
-73db4
In base 9, what is 23767523 - 2?
23767521
In base 9, what is 52 - -4011620?
4011672
In base 5, what is -3104 - -3000222?
2442113
In base 6, what is -123133150 + 3?
-123133143
In base 10, what is -13460 + 721?
-12739
In base 16, what is -6242b6 - 1c?
-6242d2
In base 4, what is 1 - -302333301102?
302333301103
In base 10, what is -3241346 + -9?
-3241355
In base 8, what is -171 - -640726?
640535
In base 15, what is 676 + -7a5?
-12e
In base 11, what is -2242864 - 152?
-2242a06
In base 11, what is 4 + -197a827?
-197a823
In base 8, what is 6 - 3730532?
-3730524
In base 4, what is 312 + 2003010?
2003322
In base 2, what is 100 - 10000001000010100101010?
-10000001000010100100110
In base 2, what is 11 - 1011001111000000101110001?
-1011001111000000101101110
In base 11, what is -19394139 + 1?
-19394138
In base 7, what is 0 + 36240116?
36240116
In base 14, what is -5 - 1077c9cb?
-1077c9d2
In base 4, what is -230122122 + -12100?
-230200222
In base 5, what is -231 + 3041220?
3040434
In base 13, what is -37 - -60cac9?
60ca92
In base 3, what is -121111002 - 210?
-121111212
In base 15, what is 239a - -1a84?
3e2e
In base 9, what is -3 + 20230524?
20230521
In base 4, what is -211223 - 1120101?
-1331330
In base 14, what is 4 + -5a93b73?
-5a93b6d
In base 14, what is -14758d - 9?
-147598
In base 12, what is 15 - -24b264?
24b279
In base 4, what is 21100302231 + 1200?
21100310031
In base 8, what is 35631775 + -140?
35631635
In base 2, what is -1 + 1000000001111100010011001?
1000000001111100010011000
In base 8, what is 6552 + -52157?
-43405
In base 3, what is -12 - 210222111101122?
-210222111101211
In base 5, what is 1012444 + 23413?
1041412
In base 11, what is -1313 - -11713?
10400
In base 2, what is -1100100010 - 10101011000110110?
-10101100101011000
In base 5, what is 11133210 - 1144?
11132011
In base 10, what is 5471720 + 5?
5471725
In base 11, what is 13a5553 - -29?
13a5581
In base 7, what is -2514363 + 56?
-2514304
In base 6, what is -35250 - -10452?
-24354
In base 5, what is 3 - -301400410042?
301400410100
In base 10, what is -58153649 + -3?
-58153652
In base 7, what is 1 + 55166512?
55166513
In base 6, what is 403355504 + -12?
403355452
In base 6, what is 342 + -240545?
-240203
In base 10, what is 739 - 22670?
-21931
In base 13, what is -21377a - 2?
-21377c
In base 12, what is -5 - 5a30b4?
-5a30b9
In base 14, what is -39c8 - 4a79?
-8663
In base 3, what is 10120211112110112 + -11?
10120211112110101
In base 14, what is -6aad58d - 4?
-6aad593
In base 2, what is 111111110001011 - 10011001?
111111011110010
In base 9, what is 5832 + -1221?
4611
In base 15, what is c35 + -1860?
-b2a
In base 12, what is -918aa50 + 0?
-918aa50
In base 10, what is 30430 - 2681?
27749
In base 10, what is -1039150 + -14?
-1039164
In base 16, what is -300bf6 - 8?
-300bfe
In base 2, what is 1101111101 - -101111110101?
111101110010
In base 14, what is 5024 + 87c?
58a2
In base 8, what is 5 - -16161414?
16161421
In base 15, what is 14ba22 + 6?
14ba28
In base 11, what is -63a5 - -98a?
-5516
In base 4, what is -301022 + -120200200?
-121101222
In base 16, what is bcf901 + -5?
bcf8fc
In base 12, what is 2 + -2227bbb?
-2227bb9
In base 16, what is 19bf - -f4?
1ab3
In base 10, what is -10 - -34513711?
34513701
In base 10, what is 153975 - 98?
153877
In base 6, what is 41434052 + -10?
41434042
In base 8, what is 2 + -11424332?
-11424330
In base 9, what is -88775471 + -12?
-88775483
In base 5, what is 244041344423 + 10?
244041344433
In base 7, what is 124206046 - 1?
124206045
In base 11, what is 29a62 - a9?
29964
In base 5, what is -144304 + -343011?
-1042320
In base 16, what is -4e90 + -24af?
-733f
In base 10, what is -9042145 - 27?
-9042172
In base 15, what is -771d5b8 - 1?
-771d5b9
In base 4, what is 10 - -1100002321212?
1100002321222
In base 16, what is -b195fdb + -4?
-b195fdf
In base 15, what is 0 + 1770827?
1770827
In base 16, what is -5 - 343ab78?
-343ab7d
In base 2, what is 11000110000 + 100010100110101?
100101101100101
In base 7, what is -13360533 - 1?
-13360534
In base 2, what is -10100 - -101010100111000001?
101010100110101101
In base 6, what is -1533 + -5055242?
-5101215
In base 2, what is -11000101010 - 10100100010011111?
-10100111011001001
In base 10, what is 15864 + 4330?
20194
In base 9, what is 6 + -600268882?
-600268875
In base 4, what is 101031 - 12223112?
-12122021
In base 14, what is -6 + 1d52745?
1d5273d
In base 4, what is 120033113023232 + -2?
120033113023230
In base 4, what is -100133113111 - 232?
-100133120003
In base 11, what is 812 + -101003?
-1002a1
In base 10, what is 16 - 63317?
-63301
In base 8, what is 620320711 - -4?
620320715
In base 16, what is 2 - cf638d?
-cf638b
In base 12, what is 36 - 190606?
-190590
In base 6, what is 5300034 + 31?
5300105
In base 12, what is 472bab6 - -1?
472bab7
In base 5, what is 14 - 302333304233?
-302333304214
In base 11, what is 92 - 81029?
-80a47
In base 9, what is -12 - -3405063?
3405051
In base 9, what is -74508 + 380?
-74118
In base 6, what is 4102 - -51315?
55421
In base 16, what is 188c9 - -3?
188cc
In base 15, what is -136aca - -7?
-136ac3
In base 8, what is 2063 + -12376?
-10313
In base 3, what is 2201121120122 - 222?
2201121112200
In base 8, what is 2272161 + -11?
2272150
In base 16, what is -4 + -1e380c?
-1e3810
In base 9, what is -40784433 - -2?
-40784431
In base 14, what is -1 - -b781638?
b781637
In base 4, what is -123233301021 - -123?
-123233300232
In base 8, what is -721 